ns digit of 1028941149?
2
What is the ten thousands digit of 87117442?
1
What is the millions digit of 40591544?
0
What is the thousands digit of 10120588?
0
What is the hundred thousands digit of 304452557?
4
What is the hundred thousands digit of 48183543?
1
What is the hundred millions digit of 2585671810?
5
What is the ten millions digit of 8022068419?
2
What is the ten thousands digit of 1627004324?
0
What is the hundreds digit of 3683372261?
2
What is the thousands digit of 388659050?
9
What is the hundred thousands digit of 105088138?
0
What is the ten thousands digit of 75135136?
3
What is the tens digit of 37478284?
8
What is the hundred thousands digit of 66421767?
4
What is the ten millions digit of 27399023?
2
What is the hundred thousands digit of 225891540?
8
What is the hundreds digit of 27659617?
6
What is the ten thousands digit of 5227617551?
1
What is the hundred millions digit of 294590385?
2
What is the billions digit of 2786024994?
2
What is the hundreds digit of 141039965?
9
What is the tens digit of 60570533?
3
What is the hundreds digit of 642119010?
0
What is the hundred thousands digit of 4016827927?
8
What is the ten millions digit of 170148641?
7
What is the hundred thousands digit of 98450270?
4
What is the tens digit of 125207675?
7
What is the hundreds digit of 146769335?
3
What is the thousands digit of 4057808623?
8
What is the hundred thousands digit of 67715145?
7
What is the millions digit of 731420499?
1
What is the tens digit of 126210167?
6
What is the thousands digit of 34692158?
2
What is the millions digit of 51571235?
1
What is the millions digit of 527027636?
7
What is the hundred millions digit of 463504586?
4
What is the ten millions digit of 47025450?
4
What is the units digit of 961794146?
6
What is the hundred thousands digit of 82411520?
4
What is the ten thousands digit of 24882044?
8
What is the hundred thousands digit of 26728707?
7
What is the hundreds digit of 972170070?
0
What is the millions digit of 17532408?
7
What is the millions digit of 62756041?
2
What is the hundreds digit of 842942925?
9
What is the hundreds digit of 647479092?
0
What is the ten thousands digit of 11271699?
7
What is the hundred thousands digit of 1858391860?
3
What is the ten thousands digit of 205908363?
0
What is the thousands digit of 269287833?
7
What is the units digit of 106776421?
1
What is the millions digit of 9273145?
9
What is the hundred millions digit of 253420052?
2
What is the ten millions digit of 30730828?
3
What is the hundreds digit of 382117827?
8
What is the hundred thousands digit of 680701343?
7
What is the thousands digit of 3807319?
7
What is the ten thousands digit of 354252529?
5
What is the hundreds digit of 571228621?
6
What is the ten thousands digit of 90937981?
3
What is the units digit of 41122798?
8
What is the ten thousands digit of 44696192?
9
What is the hundred thousands digit of 179254748?
2
What is the billions digit of 4115421388?
4
What is the billions digit of 1206521636?
1
What is the hundred thousands digit of 118728085?
7
What is the hundreds digit of 64454516?
5
What is the units digit of 380865628?
8
What is the hundreds digit of 1046661660?
6
What is the hundred millions digit of 115141763?
1
What is the hundreds digit of 300872261?
2
What is the tens digit of 153286523?
2
What is the thousands digit of 367352992?
2
What is the thousands digit of 881413435?
3
What is the hundred thousands digit of 281725796?
7
What is the hundred millions digit of 5188772408?
1
What is the hundred thousands digit of 333384375?
3
What is the billions digit of 1864965456?
1
What is the ten thousands digit of 315438734?
3
What is the tens digit of 407303784?
8
What is the ten millions digit of 87246866?
8
What is the tens digit of 379897379?
7
What is the thousands digit of 142537649?
7
What is the thousands digit of 612290459?
0
What is the hundreds digit of 858467826?
8
What is the tens digit of 76149739?
3
What is the ten millions digit of 1398807318?
9
What is the units digit of 1341539954?
4
What is the ten thousands digit of 41883388?
8
What is the ten thousands digit of 29857052?
5
What is the millions digit of 121256082?
1
What is the thousands digit of 16660543?
0
What is the units digit of 90824057?
7
What is the millions digit of 55151575?
5
What is the hundreds digit of 6432864110?
1
What is the thousands digit of 698276373?
6
What is the hundred millions digit of 5709020121?
7
What is the hundred thousands digit of 30995825?
9
What is the ten thousands digit of 426523135?
2
What is the ten millions digit of 111255850?
1
What is the tens digit of 6505094?
9
What is the ten thousands digit of 333735331?
3
What is the hundreds digit of 920622695?
6
What is the ten millions digit of 2145429994?
4
What is the ten thousands digit of 913349127?
4
What is the ten thousands digit of 63314670?
1
What is the millions digit of 4249846?
4
What is the ten millions digit of 537144826?
3
What is the units digit of 59398861?
1
What is the hundreds digit of 5281233524?
5
What is the units digit of 3625861706?
6
What is the tens digit of 37342931?
3
What is the hundred thousands digit of 159270400?
2
What is the units digit of 983221730?
0
What is the hundred thousands digit of 376467427?
4
What is the hundred thousands digit of 1588518728?
5
What is the millions digit of 260075708?
0
What is the ten millions digit of 252122563?
5
What is the hundreds digit of 2671477875?
8
What is the hundred thousands digit of 496601126?
6
What is the ten thousands digit of 298207088?
0
What is the millions digit of 3352131491?
2
What is the thousands digit of 1800661299?
1
What is the millions digit of 47093783?
7
What is the hundreds digit of 283028319?
3
What is the ten thousands digit of 512891219?
9
What is the ten thousands digit of 3129608044?
0
What is the hundred thousands digit of 4578498759?
4
What is the ten millions digit of 136098451?
3
What is the hundred millions digit of 495104716?
4
What is the tens digit of 481190187?
8
What is the hundred thousands digit of 316499687?
4
What is the thousands digit of 1529724368?
4
What is the hundred millions digit of 169590046?
1
What is the hundreds digit of 106286487?
4
What is the hundred millions digit of 401169997?
4
What is the tens digit of 88986811?
1
What is the tens digit of 12787465?
6
What is the millions digit of 501224726?
1
What is the ten thousands digit of 1183788720?
8
What is the millions digit of 39908413?
9
What is the millions digit of 12533025?
2
What is the ten millions digit of 2008768301?
0
What is the units digit of 3395558620?
0
What is the tens digit of 2007974772?
7
What is the hundreds digit of 540682434?
4
What is the thousands digit of 118279362?
9
What is the tens digit of 324050217?
1
What is the hundreds digit of 1242492671?
6
What is the ten thousands digit of 48392592?
9
What is the ten millions digit of 25324539?
2
What is the ten thousands digit of 75391315?
9
What is the hundred millions digit of 1620075264?
6
What is the hundred millions digit of 4694849400?
6
What is the hundred thousands digit of 806301124?
3
What is the thousands digit of 68078975?
8
What is the millions digit of 122526523?
2
What is the hundreds digit of 49533024?
0
What is the ten thousands digit of 179848683?
4
What is the hundred millions digit of 363104377?
3
What is the millions digit of 54680110?
4
What is the hundred thousands digit of 5107755581?
7
What is the hundreds digit of 8855027452?
4
What is the hundreds digit of 687279382?
3
What is the units digit of 19421963?
3
What is the ten millions digit of 320719566?
2
What is the millions digit of 623766486?
3
What is the units digit of 103825168?
8
What is the hundred millions digit of 1477134283?
4
What is the hundred millions digit of 283789563?
2
What is the tens digit of 1843822369?
6
What is the thousands digit of 3022549829?
9
What is the hundred thousands digit of 45930614?
9
What is the units digit of 99488412?
2
What is the ten thousands digit of 4802443265?
4
What is the tens digit of 32357572?
7
What is the hundred millions digit of 2765840475?
7
What is the hundred millions digit of 5761886150?
7
What is the hundred thousands digit of 83689788?
6
What is the ten